et b = 88 - -48. What is the tens digit of b?
3
Suppose -3*g + 3293 = 4*v, v + 1591 = g + 498. What is the tens digit of g?
9
Let d(t) = -54*t - 48. What is the tens digit of d(-4)?
6
Suppose 19240 = 6*n - 3362. What is the hundreds digit of n?
7
Let t be -2 - (-3 + (-2 - -1) + -2). Suppose 0*j = -t*x - j + 193, -2*x = 4*j - 114. What is the units digit of x?
7
Suppose 115 = t + 5*w - 856, -3*w - 3 = 0. What is the tens digit of t?
7
Let v = 10 - 8. Let x be v/(4/(-12)*-3). What is the units digit of x/(-2) - -1 - -13?
3
Suppose 0*u = -7*u + 112. Let c = u - 12. Suppose -3*i = -c*d + 199, -3*d + 4*d = -i + 55. What is the tens digit of d?
5
Let v(l) = 2*l**3 + 10*l**2 - 44*l + 9. What is the units digit of v(8)?
1
Let g = 35 - 30. Suppose -2*u - 50 = -4*w, 0*w - 71 = -4*w - g*u. What is the tens digit of w?
1
Let v(q) = q**2 + 10*q + 4. Let d = -29 + 19. What is the units digit of v(d)?
4
Let p = -681 - -1006. What is the hundreds digit of p?
3
Let o = 20 + -15. Suppose 0 = r + 3*m - 18, 4*r - 38 - 20 = -o*m. What is the units digit of (-1 + -20)*r/(-18)?
4
Let c = 10 - 6. Suppose -c*n = -0*n - 88. Suppose 0 = -4*q + z + n, -2*q + z = -q - 4. What is the units digit of q?
6
Suppose -4*m = -1362 - 86. Suppose -3*q + 7*v - 2*v = -m, q - 114 = 5*v. What is the tens digit of q?
2
What is the tens digit of (-2411)/(-11) - 1/(22/4)?
1
Let j = -152 - -357. What is the units digit of j?
5
Suppose -2*y + 2*j = -460, 2*y + 4*j = -3*y + 1177. Let o = y + -109. What is the hundreds digit of o?
1
Let v be (-6)/(-2) - (-1 + 0). Suppose 10 = -v*z - 2*b, 12 = -5*z + 2*b - 4*b. Let i = 13 - z. What is the units digit of i?
5
Suppose -5*m + 86 - 16 = 0. Let i = 43 - m. What is the tens digit of i?
2
Let b(s) = s**2 - 9*s + 20. Let g be b(6). Suppose g*h = 258 - 0. What is the tens digit of h?
2
Let g(s) = -114*s + 1. Let k(q) = 57*q. Let o(r) = -4*g(r) - 9*k(r). What is the hundreds digit of o(-2)?
1
Let f(x) = x**2 + 6*x - 11. Let l(n) = 5*n**2 + 29*n - 56. Let v(a) = -11*f(a) + 2*l(a). Let q be v(-7). What is the tens digit of (q + -1 + 3)*1?
1
Let m(d) = d**3 - 6*d**2 - 7*d. Let q be m(7). Suppose q*w + 3*w = 267. What is the tens digit of w?
8
Suppose 5*j = -5*n + 15185, 32*j - 34*j + 6074 = -4*n. What is the units digit of j?
7
Suppose -h + 1816 = -4*b, -9*b - 3671 = -2*h - 14*b. What is the units digit of h?
8
What is the hundreds digit of (-62)/(-279) - 55616/(-18)?
0
Let j = 11 - -2. Suppose 20 = -3*u - 2*u. Let b = u + j. What is the units digit of b?
9
Let b = 126 + -40. Let w = b - 44. What is the units digit of w?
2
Let z = 2313 - 1886. What is the units digit of z?
7
Let z = -62 + 324. What is the hundreds digit of z?
2
Let n(j) = -15*j - 45. Suppose 26*m = 31*m + 40. What is the units digit of n(m)?
5
Let n = 7 + 1. Let a(l) = l**3 - 5*l**2 - 4*l + 10. Let m be a(n). Suppose 0 = 3*g - 8*g + m. What is the tens digit of g?
3
Suppose 0 = 3*s - d - 13, -5*s - 3*d + 17 = -0*s. Suppose -s*t = t. Suppose 5*n + 43 - 178 = t. What is the units digit of n?
7
Let m(u) = u**2 + 2*u - 3. Let j be m(-4). Suppose 4*d - 84 = 80. Suppose j*q + 5 = 2*y, 2*q + q + d = 5*y. What is the tens digit of y?
1
Let b = -36 - -5. Let k = 7 + -24. Let i = k - b. What is the units digit of i?
4
Suppose 15*l - 9977 = 25198. What is the units digit of l?
5
Let b = 121 - 73. Let m = 81 - b. What is the units digit of m?
3
Suppose 0 = j - 66*s + 69*s - 527, s + 2134 = 4*j. What is the hundreds digit of j?
5
Suppose -3*t = 2*c - 2243, 2*c + 2972 = -7*t + 11*t. What is the hundreds digit of t?
7
Let t(k) = 2*k**2 - 2*k - 7. Let i be t(11). Let n = i - 59. What is the tens digit of n?
5
Suppose -1 - 23 = -8*s. What is the units digit of (0/s)/1 + (1 - -123)?
4
Let h(b) = -b**3 - 8*b**2 + 14*b + 77. What is the hundreds digit of h(-14)?
0
Let c(x) be the second derivative of x**4/12 + x**3 + x**2 + 8*x. Let v be c(-6). Let m(w) = 6*w + 3. What is the tens digit of m(v)?
1
Suppose -5 = w, 5*j - 1 = j + w. What is the tens digit of -4 + (4 - j*153)?
5
Let z be 21/(-16)*(-12)/9*-56. Let s = -65 - z. What is the units digit of s?
3
Let v(o) = -o**2 - 18*o + 21. Let j be v(-19). Suppose -4*x + 5*w + 274 = 0, x + x = -j*w + 128. What is the units digit of x?
6
Let l be (-1432)/6 - (-46)/69. Let w = -122 - l. What is the hundreds digit of w?
1
Let s(v) = 7*v + 2. Let i be 8/(-4)*4/(-2). Let f be s(i). Let c = -17 + f. What is the units digit of c?
3
Let o = 197 + -319. Let p = 199 + o. What is the tens digit of p?
7
Let t = 115 + -109. Suppose 32 = -4*w + t*w. What is the tens digit of w?
1
Let p(q) = q**3 + 5*q**2 + 5*q - 15. What is the tens digit of p(9)?
6
Let r = 144 + -141. Suppose 0 = r*y + 7*s - 3*s - 965, -y + 3*s = -300. What is the hundreds digit of y?
3
Let z = -49 - -28. Let p(q) = q**2 + 20*q - 19. What is the units digit of p(z)?
2
Let m be 261/15 + 9/15. Let z = m - 14. Suppose 0 = u - z*u + 54. What is the tens digit of u?
1
Suppose -3*o + 30 = -4*c, 0*c + 39 = 5*o - 3*c. Suppose -2*f + 6 - 2 = 0. Let l = o - f. What is the units digit of l?
4
What is the tens digit of ((-10)/2)/(3/(-723))?
0
Let s = -375 - -242. Let z = 199 + s. What is the tens digit of z?
6
Let u(f) = -f**2 + 17*f + 19. Let k = 21 - 5. What is the units digit of u(k)?
5
Suppose -5*z + 5*d = -25, 0*z - 4 = -2*z - d. Suppose z*j - 303 = 516. What is the hundreds digit of j?
2
Let m(o) = o**3 + 5*o**2 - 8*o - 7. Let v be m(-6). Let g be (-34)/((1/v)/(-1)). What is the units digit of 3/(-9) + g/6?
8
Let a(w) = -6*w**2 - 12*w + 17. Let j(m) = 20*m + m**2 - 16 - 8*m + 4*m**2. Let o(z) = 4*a(z) + 5*j(z). What is the tens digit of o(-15)?
3
Let v be ((-7)/(-63))/((-1)/(-3))*12. Suppose -v*b - 40 = -4*t, 2*t + 4*b - 6 = 8. What is the units digit of t?
9
Suppose 2 = -7*t + 5*t, 2*t = -n + 3. Suppose 8 = h - 2*h - n*g, 4*h - 40 = 4*g. What is the units digit of h?
7
Suppose 0 = 3*p - 709 - 86. Suppose 3*a + p = -218. What is the units digit of 9/12 + a/(-4)?
1
Let p(w) = -74*w + 3. What is the thousands digit of p(-19)?
1
Suppose -4*f + 385 - 189 = 0. What is the units digit of f?
9
Let o(m) = -532*m - 536*m + 184 + 1070*m. What is the tens digit of o(0)?
8
Let r be ((-141)/4)/((-24)/32). Let w = 66 - -7. Let z = w - r. What is the tens digit of z?
2
Let u(c) = 2*c**3 + 5*c**2 - c. Let o be u(-2). Suppose 3*p - 1 = z + 4, 5*z = 3*p - 25. What is the units digit of p + o*2/6?
2
Let q(x) = x + 5. Let z be q(-10). Let l be (-27)/(-45) - (-133)/z. Let t = l - -38. What is the units digit of t?
2
Let o = 0 - -87. Suppose -23*m = -26*m + o. What is the units digit of m?
9
Suppose 16 = 4*l - 32. Let t = l + -165. What is the units digit of (4/(-6))/(2/t)?
1
Suppose 0 = -r - 19*o + 14*o + 733, 2*o - 2914 = -4*r. What is the hundreds digit of r?
7
Suppose f + p - 702 = 3*p, 3516 = 5*f - 4*p. What is the hundreds digit of f?
7
Let z(s) be the second derivative of s**3/2 + 5*s**2 + 16*s. What is the units digit of z(19)?
7
Let q(b) = -2*b - 10. Let p be q(-3). Let v(s) = 2*s**2 - 8*s - 10. What is the tens digit of v(p)?
5
Let h(u) = 3*u**2 - 6*u + 1. Let w be h(-5). Let g = -58 + w. Suppose k - g = 9. What is the tens digit of k?
5
Let p = 519 + -91. What is the tens digit of p?
2
Suppose 0 = -2*y - 4*f, 2*y - f = 3*f + 8. Suppose -y*n = 2, 5*p - 2*n + 443 = 10*p. What is the units digit of p?
9
What is the units digit of -7 + (-3905)/(-11)*9?
8
Let t be (2 - 1)/(608/612 - 1). Let n = t + 343. What is the units digit of n?
0
Let u(w) = -2*w + 2. Let j be u(2). Let f be j/2 + (6 - 1). Suppose -39 = -p + 4*q, -6*p - f*q = -p - 99. What is the tens digit of p?
2
Let u be (-66)/4*36/(-9). Let p = u + 11. What is the tens digit of p?
7
What is the thousands digit of 130*7/140*334/1?
2
Let x(b) = -b**3 + 25*b**2 - 37*b + 69. What is the units digit of x(23)?
6
Let v(l) = -1345*l**3 + 2*l**2 - 1. Let n be v(-1). Suppose 4*w = -2*i - n, -2*i + 0*w - w = 1343. What is the units digit of i/(-22)*(-2)/(-1)?
1
Let r(t) = t**2 - 13*t - 36. Let x be (-6)/(-12)*(-3 - -2)*-32. What is the units digit of r(x)?
2
Let s = 168 + -132. What is the units digit of s?
6
Suppose 2*t - q = 6*t - 3208, -5*q - 823 = -t. What is the units digit of t?
3
What is the units digit of ((-636)/48 + 12)*-2204?
5
Let u = -2651 + 7171. What is the hundreds 